{"id":101,"date":"2025-06-04T01:16:15","date_gmt":"2025-06-04T01:16:15","guid":{"rendered":"https:\/\/montemaria.org\/granitodearena\/?page_id=101"},"modified":"2025-10-02T18:56:13","modified_gmt":"2025-10-02T18:56:13","slug":"granitoenmexico","status":"publish","type":"page","link":"https:\/\/montemaria.org\/granitodearena\/granitoenmexico\/","title":{"rendered":"granitoenmexico"},"content":{"rendered":"\t\t<div data-elementor-type=\"wp-page\" data-elementor-id=\"101\" class=\"elementor elementor-101\">\n\t\t\t\t<div class=\"elementor-element elementor-element-a1601f3 e-flex e-con-boxed e-con e-parent\" data-id=\"a1601f3\" data-element_type=\"container\" data-e-type=\"container\">\n\t\t\t\t\t<div class=\"e-con-inner\">\n\t\t\t\t\t<\/div>\n\t\t\t\t<\/div>\n\t\t<div class=\"elementor-element elementor-element-6240ffe e-con-full e-flex e-con e-parent\" data-id=\"6240ffe\" data-element_type=\"container\" data-e-type=\"container\">\n\t\t\t\t<div class=\"elementor-element elementor-element-3fe9b98 elementor-widget elementor-widget-heading\" data-id=\"3fe9b98\" data-element_type=\"widget\" data-e-type=\"widget\" data-widget_type=\"heading.default\">\n\t\t\t\t<div class=\"elementor-widget-container\">\n\t\t\t\t\t<h1 class=\"elementor-heading-title elementor-size-default\">En M\u00e9xico<\/h1>\t\t\t\t<\/div>\n\t\t\t\t<\/div>\n\t\t\t\t<\/div>\n\t\t<div class=\"elementor-element elementor-element-c1c8d07 e-grid e-con-boxed e-con e-parent\" data-id=\"c1c8d07\" data-element_type=\"container\" data-e-type=\"container\">\n\t\t\t\t\t<div class=\"e-con-inner\">\n\t\t\t\t<div class=\"elementor-element elementor-element-25e41b6 elementor-widget elementor-widget-text-editor\" data-id=\"25e41b6\" data-element_type=\"widget\" data-e-type=\"widget\" data-widget_type=\"text-editor.default\">\n\t\t\t\t<div class=\"elementor-widget-container\">\n\t\t\t\t\t\t\t\t\t<p align=\"center\"><img loading=\"lazy\" decoding=\"async\" data-recalc-dims=\"1\" loading=\"lazy\" class=\"\" src=\"https:\/\/i0.wp.com\/montemaria.org\/web\/img\/bancomer.png?resize=193%2C103&#038;ssl=1\" width=\"193\" height=\"103\" \/><\/p><p align=\"center\"><span style=\"font-size: 26px; text-align: start; letter-spacing: 0px;\">Cuenta: <strong>045-2904-462<\/strong><\/span><\/p><p align=\"center\">CLABE: <strong>012028004529044623<\/strong><br \/>A nombre de Misioneros de Jes\u00fas y de Mar\u00eda en Tijuana<\/p>\t\t\t\t\t\t\t\t<\/div>\n\t\t\t\t<\/div>\n\t\t\t\t<div class=\"elementor-element elementor-element-548eeaf elementor-widget elementor-widget-text-editor\" data-id=\"548eeaf\" data-element_type=\"widget\" data-e-type=\"widget\" data-widget_type=\"text-editor.default\">\n\t\t\t\t<div class=\"elementor-widget-container\">\n\t\t\t\t\t\t\t\t\t<p style=\"margin-bottom: 10px; color: #606577; font-family: Lato, Helvetica, Arial, sans-serif; font-size: 18px; text-indent: 2 2px; background-color: #ffffff;\" align=\"center\"><img loading=\"lazy\" decoding=\"async\" data-recalc-dims=\"1\" loading=\"lazy\" class=\"\" src=\"https:\/\/i0.wp.com\/montemaria.org\/web\/img\/tiendas.png?resize=264%2C62&#038;ssl=1\" width=\"264\" height=\"62\" \/><\/p><p align=\"center\">N\u00famero de referencia:<\/p><p align=\"center\"><strong>4098 5130 2360 8398<\/strong><\/p><p align=\"center\">Cuenta en Bancomer<br \/>a nombre de<\/p><p align=\"center\"><strong> Gabriela Sol\u00f3rzano \u00c1lvarez<\/strong> (Monjita Gaby<\/p>\t\t\t\t\t\t\t\t<\/div>\n\t\t\t\t<\/div>\n\t\t\t\t<div class=\"elementor-element elementor-element-e8a9ea1 elementor-widget elementor-widget-text-editor\" data-id=\"e8a9ea1\" data-element_type=\"widget\" data-e-type=\"widget\" data-widget_type=\"text-editor.default\">\n\t\t\t\t<div class=\"elementor-widget-container\">\n\t\t\t\t\t\t\t\t\t<p align=\"center\"><img loading=\"lazy\" decoding=\"async\" loading=\"lazy\" class=\"\" src=\"https:\/\/www.bancoppel.com\/main\/img\/logo-coppel-color.svg\" alt=\"Logo BanCoppel\" width=\"244\" height=\"42\" \/><\/p><p align=\"center\">Cuenta:<strong> 1050-4521-201<\/strong><\/p><p align=\"center\">Clabe: 1370 2810 5045 2120 14 <br \/>a nombre de <br \/><strong>Yazmin Pav\u00f3n Beltr\u00e1n <\/strong>(Madre Yazmin)<\/p><p align=\"center\">\u00a0<\/p>\t\t\t\t\t\t\t\t<\/div>\n\t\t\t\t<\/div>\n\t\t\t\t\t<\/div>\n\t\t\t\t<\/div>\n\t\t\t\t<\/div>\n\t\t","protected":false},"excerpt":{"rendered":"<p>En M\u00e9xico Cuenta: 045-2904-462 CLABE: 012028004529044623A nombre de Misioneros de Jes\u00fas y de Mar\u00eda en Tijuana N\u00famero de referencia: 4098 5130 2360 8398 Cuenta en Bancomera nombre de Gabriela Sol\u00f3rzano \u00c1lvarez (Monjita Gaby Cuenta: 1050-4521-201 Clabe: 1370 2810 5045 2120 14 a nombre de Yazmin Pav\u00f3n Beltr\u00e1n (Madre Yazmin) \u00a0<\/p>\n","protected":false},"author":1,"featured_media":0,"parent":0,"menu_order":0,"comment_status":"closed","ping_status":"closed","template":"elementor_canvas","meta":{"give_campaign_id":0,"nf_dc_page":"","om_disable_all_campaigns":false,"pagelayer_contact_templates":[],"_pagelayer_content":"","_monsterinsights_skip_tracking":false,"_monsterinsights_sitenote_active":false,"_monsterinsights_sitenote_note":"","_monsterinsights_sitenote_category":0,"footnotes":""},"class_list":["post-101","page","type-page","status-publish","hentry"],"yoast_head":"<!-- This site is optimized with the Yoast SEO plugin v27.4 - https:\/\/yoast.com\/product\/yoast-seo-wordpress\/ -->\n<title>granitoenmexico - Monte Maria Granitos de Arena<\/title>\n<meta name=\"robots\" content=\"index, follow, max-snippet:-1, max-image-preview:large, max-video-preview:-1\" \/>\n<link rel=\"canonical\" href=\"https:\/\/montemaria.org\/granitodearena\/granitoenmexico\/\" \/>\n<meta property=\"og:locale\" content=\"es_MX\" \/>\n<meta property=\"og:type\" content=\"article\" \/>\n<meta property=\"og:title\" content=\"granitoenmexico - Monte Maria Granitos de Arena\" \/>\n<meta property=\"og:description\" content=\"En M\u00e9xico Cuenta: 045-2904-462 CLABE: 012028004529044623A nombre de Misioneros de Jes\u00fas y de Mar\u00eda en Tijuana N\u00famero de referencia: 4098 5130 2360 8398 Cuenta en Bancomera nombre de Gabriela Sol\u00f3rzano \u00c1lvarez (Monjita Gaby Cuenta: 1050-4521-201 Clabe: 1370 2810 5045 2120 14 a nombre de Yazmin Pav\u00f3n Beltr\u00e1n (Madre Yazmin) \u00a0\" \/>\n<meta property=\"og:url\" content=\"https:\/\/montemaria.org\/granitodearena\/granitoenmexico\/\" \/>\n<meta property=\"og:site_name\" content=\"Monte Maria Granitos de Arena\" \/>\n<meta property=\"article:modified_time\" content=\"2025-10-02T18:56:13+00:00\" \/>\n<meta property=\"og:image\" content=\"https:\/\/montemaria.org\/web\/img\/bancomer.png\" \/>\n<meta name=\"twitter:card\" content=\"summary_large_image\" \/>\n<meta name=\"twitter:label1\" content=\"Tiempo de lectura\" \/>\n\t<meta name=\"twitter:data1\" content=\"1 minuto\" \/>\n<script type=\"application\/ld+json\" class=\"yoast-schema-graph\">{\"@context\":\"https:\\\/\\\/schema.org\",\"@graph\":[{\"@type\":\"WebPage\",\"@id\":\"https:\\\/\\\/montemaria.org\\\/granitodearena\\\/granitoenmexico\\\/\",\"url\":\"https:\\\/\\\/montemaria.org\\\/granitodearena\\\/granitoenmexico\\\/\",\"name\":\"granitoenmexico - Monte Maria Granitos de Arena\",\"isPartOf\":{\"@id\":\"https:\\\/\\\/montemaria.org\\\/granitodearena\\\/#website\"},\"primaryImageOfPage\":{\"@id\":\"https:\\\/\\\/montemaria.org\\\/granitodearena\\\/granitoenmexico\\\/#primaryimage\"},\"image\":{\"@id\":\"https:\\\/\\\/montemaria.org\\\/granitodearena\\\/granitoenmexico\\\/#primaryimage\"},\"thumbnailUrl\":\"https:\\\/\\\/montemaria.org\\\/web\\\/img\\\/bancomer.png\",\"datePublished\":\"2025-06-04T01:16:15+00:00\",\"dateModified\":\"2025-10-02T18:56:13+00:00\",\"breadcrumb\":{\"@id\":\"https:\\\/\\\/montemaria.org\\\/granitodearena\\\/granitoenmexico\\\/#breadcrumb\"},\"inLanguage\":\"es\",\"potentialAction\":[{\"@type\":\"ReadAction\",\"target\":[\"https:\\\/\\\/montemaria.org\\\/granitodearena\\\/granitoenmexico\\\/\"]}]},{\"@type\":\"ImageObject\",\"inLanguage\":\"es\",\"@id\":\"https:\\\/\\\/montemaria.org\\\/granitodearena\\\/granitoenmexico\\\/#primaryimage\",\"url\":\"https:\\\/\\\/montemaria.org\\\/web\\\/img\\\/bancomer.png\",\"contentUrl\":\"https:\\\/\\\/montemaria.org\\\/web\\\/img\\\/bancomer.png\"},{\"@type\":\"BreadcrumbList\",\"@id\":\"https:\\\/\\\/montemaria.org\\\/granitodearena\\\/granitoenmexico\\\/#breadcrumb\",\"itemListElement\":[{\"@type\":\"ListItem\",\"position\":1,\"name\":\"Home\",\"item\":\"https:\\\/\\\/montemaria.org\\\/granitodearena\\\/\"},{\"@type\":\"ListItem\",\"position\":2,\"name\":\"granitoenmexico\"}]},{\"@type\":\"WebSite\",\"@id\":\"https:\\\/\\\/montemaria.org\\\/granitodearena\\\/#website\",\"url\":\"https:\\\/\\\/montemaria.org\\\/granitodearena\\\/\",\"name\":\"Monte Maria Granitos de Arena\",\"description\":\"Dios es AMor\",\"publisher\":{\"@id\":\"https:\\\/\\\/montemaria.org\\\/granitodearena\\\/#organization\"},\"potentialAction\":[{\"@type\":\"SearchAction\",\"target\":{\"@type\":\"EntryPoint\",\"urlTemplate\":\"https:\\\/\\\/montemaria.org\\\/granitodearena\\\/?s={search_term_string}\"},\"query-input\":{\"@type\":\"PropertyValueSpecification\",\"valueRequired\":true,\"valueName\":\"search_term_string\"}}],\"inLanguage\":\"es\"},{\"@type\":\"Organization\",\"@id\":\"https:\\\/\\\/montemaria.org\\\/granitodearena\\\/#organization\",\"name\":\"Monte Maria Granitos de Arena\",\"url\":\"https:\\\/\\\/montemaria.org\\\/granitodearena\\\/\",\"logo\":{\"@type\":\"ImageObject\",\"inLanguage\":\"es\",\"@id\":\"https:\\\/\\\/montemaria.org\\\/granitodearena\\\/#\\\/schema\\\/logo\\\/image\\\/\",\"url\":\"https:\\\/\\\/i0.wp.com\\\/montemaria.org\\\/granitodearena\\\/wp-content\\\/uploads\\\/2025\\\/06\\\/logo-granitos2.png?fit=512%2C512&ssl=1\",\"contentUrl\":\"https:\\\/\\\/i0.wp.com\\\/montemaria.org\\\/granitodearena\\\/wp-content\\\/uploads\\\/2025\\\/06\\\/logo-granitos2.png?fit=512%2C512&ssl=1\",\"width\":512,\"height\":512,\"caption\":\"Monte Maria Granitos de Arena\"},\"image\":{\"@id\":\"https:\\\/\\\/montemaria.org\\\/granitodearena\\\/#\\\/schema\\\/logo\\\/image\\\/\"}}]}<\/script>\n<!-- \/ Yoast SEO plugin. -->","yoast_head_json":{"title":"granitoenmexico - Monte Maria Granitos de Arena","robots":{"index":"index","follow":"follow","max-snippet":"max-snippet:-1","max-image-preview":"max-image-preview:large","max-video-preview":"max-video-preview:-1"},"canonical":"https:\/\/montemaria.org\/granitodearena\/granitoenmexico\/","og_locale":"es_MX","og_type":"article","og_title":"granitoenmexico - Monte Maria Granitos de Arena","og_description":"En M\u00e9xico Cuenta: 045-2904-462 CLABE: 012028004529044623A nombre de Misioneros de Jes\u00fas y de Mar\u00eda en Tijuana N\u00famero de referencia: 4098 5130 2360 8398 Cuenta en Bancomera nombre de Gabriela Sol\u00f3rzano \u00c1lvarez (Monjita Gaby Cuenta: 1050-4521-201 Clabe: 1370 2810 5045 2120 14 a nombre de Yazmin Pav\u00f3n Beltr\u00e1n (Madre Yazmin) \u00a0","og_url":"https:\/\/montemaria.org\/granitodearena\/granitoenmexico\/","og_site_name":"Monte Maria Granitos de Arena","article_modified_time":"2025-10-02T18:56:13+00:00","og_image":[{"url":"https:\/\/montemaria.org\/web\/img\/bancomer.png","type":"","width":"","height":""}],"twitter_card":"summary_large_image","twitter_misc":{"Tiempo de lectura":"1 minuto"},"schema":{"@context":"https:\/\/schema.org","@graph":[{"@type":"WebPage","@id":"https:\/\/montemaria.org\/granitodearena\/granitoenmexico\/","url":"https:\/\/montemaria.org\/granitodearena\/granitoenmexico\/","name":"granitoenmexico - Monte Maria Granitos de Arena","isPartOf":{"@id":"https:\/\/montemaria.org\/granitodearena\/#website"},"primaryImageOfPage":{"@id":"https:\/\/montemaria.org\/granitodearena\/granitoenmexico\/#primaryimage"},"image":{"@id":"https:\/\/montemaria.org\/granitodearena\/granitoenmexico\/#primaryimage"},"thumbnailUrl":"https:\/\/montemaria.org\/web\/img\/bancomer.png","datePublished":"2025-06-04T01:16:15+00:00","dateModified":"2025-10-02T18:56:13+00:00","breadcrumb":{"@id":"https:\/\/montemaria.org\/granitodearena\/granitoenmexico\/#breadcrumb"},"inLanguage":"es","potentialAction":[{"@type":"ReadAction","target":["https:\/\/montemaria.org\/granitodearena\/granitoenmexico\/"]}]},{"@type":"ImageObject","inLanguage":"es","@id":"https:\/\/montemaria.org\/granitodearena\/granitoenmexico\/#primaryimage","url":"https:\/\/montemaria.org\/web\/img\/bancomer.png","contentUrl":"https:\/\/montemaria.org\/web\/img\/bancomer.png"},{"@type":"BreadcrumbList","@id":"https:\/\/montemaria.org\/granitodearena\/granitoenmexico\/#breadcrumb","itemListElement":[{"@type":"ListItem","position":1,"name":"Home","item":"https:\/\/montemaria.org\/granitodearena\/"},{"@type":"ListItem","position":2,"name":"granitoenmexico"}]},{"@type":"WebSite","@id":"https:\/\/montemaria.org\/granitodearena\/#website","url":"https:\/\/montemaria.org\/granitodearena\/","name":"Monte Maria Granitos de Arena","description":"Dios es AMor","publisher":{"@id":"https:\/\/montemaria.org\/granitodearena\/#organization"},"potentialAction":[{"@type":"SearchAction","target":{"@type":"EntryPoint","urlTemplate":"https:\/\/montemaria.org\/granitodearena\/?s={search_term_string}"},"query-input":{"@type":"PropertyValueSpecification","valueRequired":true,"valueName":"search_term_string"}}],"inLanguage":"es"},{"@type":"Organization","@id":"https:\/\/montemaria.org\/granitodearena\/#organization","name":"Monte Maria Granitos de Arena","url":"https:\/\/montemaria.org\/granitodearena\/","logo":{"@type":"ImageObject","inLanguage":"es","@id":"https:\/\/montemaria.org\/granitodearena\/#\/schema\/logo\/image\/","url":"https:\/\/i0.wp.com\/montemaria.org\/granitodearena\/wp-content\/uploads\/2025\/06\/logo-granitos2.png?fit=512%2C512&ssl=1","contentUrl":"https:\/\/i0.wp.com\/montemaria.org\/granitodearena\/wp-content\/uploads\/2025\/06\/logo-granitos2.png?fit=512%2C512&ssl=1","width":512,"height":512,"caption":"Monte Maria Granitos de Arena"},"image":{"@id":"https:\/\/montemaria.org\/granitodearena\/#\/schema\/logo\/image\/"}}]}},"campaignId":"","jetpack_sharing_enabled":true,"_links":{"self":[{"href":"https:\/\/montemaria.org\/granitodearena\/wp-json\/wp\/v2\/pages\/101","targetHints":{"allow":["GET"]}}],"collection":[{"href":"https:\/\/montemaria.org\/granitodearena\/wp-json\/wp\/v2\/pages"}],"about":[{"href":"https:\/\/montemaria.org\/granitodearena\/wp-json\/wp\/v2\/types\/page"}],"author":[{"embeddable":true,"href":"https:\/\/montemaria.org\/granitodearena\/wp-json\/wp\/v2\/users\/1"}],"replies":[{"embeddable":true,"href":"https:\/\/montemaria.org\/granitodearena\/wp-json\/wp\/v2\/comments?post=101"}],"version-history":[{"count":20,"href":"https:\/\/montemaria.org\/granitodearena\/wp-json\/wp\/v2\/pages\/101\/revisions"}],"predecessor-version":[{"id":222,"href":"https:\/\/montemaria.org\/granitodearena\/wp-json\/wp\/v2\/pages\/101\/revisions\/222"}],"wp:attachment":[{"href":"https:\/\/montemaria.org\/granitodearena\/wp-json\/wp\/v2\/media?parent=101"}],"curies":[{"name":"wp","href":"https:\/\/api.w.org\/{rel}","templated":true}]}}