{"id":2,"date":"2025-05-22T00:19:08","date_gmt":"2025-05-22T00:19:08","guid":{"rendered":"https:\/\/montemaria.org\/granitodearena\/?page_id=2"},"modified":"2025-06-06T20:12:54","modified_gmt":"2025-06-06T20:12:54","slug":"sample-page","status":"publish","type":"page","link":"https:\/\/montemaria.org\/granitodearena\/","title":{"rendered":"formasdegranito"},"content":{"rendered":"\t\t<div data-elementor-type=\"wp-page\" data-elementor-id=\"2\" class=\"elementor elementor-2\">\n\t\t\t\t<div class=\"elementor-element elementor-element-7042fcb e-flex e-con-boxed e-con e-parent\" data-id=\"7042fcb\" data-element_type=\"container\" data-e-type=\"container\">\n\t\t\t\t\t<div class=\"e-con-inner\">\n\t\t\t\t<div class=\"elementor-element elementor-element-ef5bac9 elementor-widget elementor-widget-heading\" data-id=\"ef5bac9\" data-element_type=\"widget\" data-e-type=\"widget\" data-widget_type=\"heading.default\">\n\t\t\t\t<div class=\"elementor-widget-container\">\n\t\t\t\t\t<div class=\"elementor-heading-title elementor-size-default\">Tu <b>granito de arena<\/b>, unido al de muchos hermanos, forman el mar que <b>sostiene esta obra de Evangelizaci\u00f3n<\/b><\/div>\t\t\t\t<\/div>\n\t\t\t\t<\/div>\n\t\t\t\t\t<\/div>\n\t\t\t\t<\/div>\n\t\t<div class=\"elementor-element elementor-element-5af06ac e-con-full e-flex e-con e-parent\" data-id=\"5af06ac\" data-element_type=\"container\" data-e-type=\"container\">\n\t\t<div class=\"elementor-element elementor-element-beea334 e-con-full e-flex e-con e-child\" data-id=\"beea334\" data-element_type=\"container\" data-e-type=\"container\">\n\t\t\t\t<div class=\"elementor-element elementor-element-51607fa elementor-widget elementor-widget-heading\" data-id=\"51607fa\" data-element_type=\"widget\" data-e-type=\"widget\" data-widget_type=\"heading.default\">\n\t\t\t\t<div class=\"elementor-widget-container\">\n\t\t\t\t\t<h3 class=\"elementor-heading-title elementor-size-default\">Donativos con tarjeta de cr\u00e9dito o d\u00e9bito\n<\/h3>\t\t\t\t<\/div>\n\t\t\t\t<\/div>\n\t\t\t\t<div class=\"elementor-element elementor-element-3712649 elementor-align-center elementor-widget elementor-widget-button\" data-id=\"3712649\" data-element_type=\"widget\" data-e-type=\"widget\" data-widget_type=\"button.default\">\n\t\t\t\t<div class=\"elementor-widget-container\">\n\t\t\t\t\t\t\t\t\t<div class=\"elementor-button-wrapper\">\n\t\t\t\t\t<a class=\"elementor-button elementor-button-link elementor-size-sm\" href=\"https:\/\/montemaria.org\/granitodearena\/tarjetas\">\n\t\t\t\t\t\t<span class=\"elementor-button-content-wrapper\">\n\t\t\t\t\t\t\t\t\t<span class=\"elementor-button-text\">Donar<\/span>\n\t\t\t\t\t<\/span>\n\t\t\t\t\t<\/a>\n\t\t\t\t<\/div>\n\t\t\t\t\t\t\t\t<\/div>\n\t\t\t\t<\/div>\n\t\t\t\t<\/div>\n\t\t<div class=\"elementor-element elementor-element-3d265bb e-con-full e-flex e-con e-child\" data-id=\"3d265bb\" data-element_type=\"container\" data-e-type=\"container\">\n\t\t\t\t<div class=\"elementor-element elementor-element-5565e2a elementor-widget elementor-widget-heading\" data-id=\"5565e2a\" data-element_type=\"widget\" data-e-type=\"widget\" data-widget_type=\"heading.default\">\n\t\t\t\t<div class=\"elementor-widget-container\">\n\t\t\t\t\t<h3 class=\"elementor-heading-title elementor-size-default\">Dep\u00f3sito bancario en<br>estados unidos\n<\/h3>\t\t\t\t<\/div>\n\t\t\t\t<\/div>\n\t\t\t\t<div class=\"elementor-element elementor-element-04d67a4 elementor-align-center elementor-widget elementor-widget-button\" data-id=\"04d67a4\" data-element_type=\"widget\" data-e-type=\"widget\" data-widget_type=\"button.default\">\n\t\t\t\t<div class=\"elementor-widget-container\">\n\t\t\t\t\t\t\t\t\t<div class=\"elementor-button-wrapper\">\n\t\t\t\t\t<a class=\"elementor-button elementor-button-link elementor-size-sm\" href=\"https:\/\/montemaria.org\/granitodearena\/granitoestadosunidos\/\">\n\t\t\t\t\t\t<span class=\"elementor-button-content-wrapper\">\n\t\t\t\t\t\t\t\t\t<span class=\"elementor-button-text\">informaci\u00f3n<\/span>\n\t\t\t\t\t<\/span>\n\t\t\t\t\t<\/a>\n\t\t\t\t<\/div>\n\t\t\t\t\t\t\t\t<\/div>\n\t\t\t\t<\/div>\n\t\t\t\t<\/div>\n\t\t<div class=\"elementor-element elementor-element-aeeb365 e-con-full e-flex e-con e-child\" data-id=\"aeeb365\" data-element_type=\"container\" data-e-type=\"container\">\n\t\t\t\t<div class=\"elementor-element elementor-element-7ee94a9 elementor-widget elementor-widget-heading\" data-id=\"7ee94a9\" data-element_type=\"widget\" data-e-type=\"widget\" data-widget_type=\"heading.default\">\n\t\t\t\t<div class=\"elementor-widget-container\">\n\t\t\t\t\t<h3 class=\"elementor-heading-title elementor-size-default\">Dep\u00f3sito bancario en\nM\u00e9xico\n<\/h3>\t\t\t\t<\/div>\n\t\t\t\t<\/div>\n\t\t\t\t<div class=\"elementor-element elementor-element-cbc0751 elementor-align-center elementor-widget elementor-widget-button\" data-id=\"cbc0751\" data-element_type=\"widget\" data-e-type=\"widget\" data-widget_type=\"button.default\">\n\t\t\t\t<div class=\"elementor-widget-container\">\n\t\t\t\t\t\t\t\t\t<div class=\"elementor-button-wrapper\">\n\t\t\t\t\t<a class=\"elementor-button elementor-button-link elementor-size-sm\" href=\"https:\/\/montemaria.org\/granitodearena\/granitoenmexico\/\">\n\t\t\t\t\t\t<span class=\"elementor-button-content-wrapper\">\n\t\t\t\t\t\t\t\t\t<span class=\"elementor-button-text\">informaci\u00f3n<\/span>\n\t\t\t\t\t<\/span>\n\t\t\t\t\t<\/a>\n\t\t\t\t<\/div>\n\t\t\t\t\t\t\t\t<\/div>\n\t\t\t\t<\/div>\n\t\t\t\t<\/div>\n\t\t<div class=\"elementor-element elementor-element-e9c7e4f e-con-full e-flex e-con e-child\" data-id=\"e9c7e4f\" data-element_type=\"container\" data-e-type=\"container\">\n\t\t\t\t<\/div>\n\t\t\t\t<\/div>\n\t\t\t\t<\/div>\n\t\t","protected":false},"excerpt":{"rendered":"<p>Tu granito de arena, unido al de muchos hermanos, forman el mar que sostiene esta obra de Evangelizaci\u00f3n Donativos con tarjeta de cr\u00e9dito o d\u00e9bito Donar Dep\u00f3sito bancario enestados unidos informaci\u00f3n Dep\u00f3sito bancario en M\u00e9xico informaci\u00f3n<\/p>\n","protected":false},"author":1,"featured_media":0,"parent":0,"menu_order":0,"comment_status":"closed","ping_status":"open","template":"","meta":{"give_campaign_id":0,"nf_dc_page":"","om_disable_all_campaigns":false,"pagelayer_contact_templates":[],"_pagelayer_content":"","_monsterinsights_skip_tracking":false,"_monsterinsights_sitenote_active":false,"_monsterinsights_sitenote_note":"","_monsterinsights_sitenote_category":0,"footnotes":""},"class_list":["post-2","page","type-page","status-publish","hentry"],"yoast_head":"<!-- This site is optimized with the Yoast SEO plugin v27.4 - https:\/\/yoast.com\/product\/yoast-seo-wordpress\/ -->\n<title>formasdegranito - Monte Maria Granitos de Arena<\/title>\n<meta name=\"robots\" content=\"index, follow, max-snippet:-1, max-image-preview:large, max-video-preview:-1\" \/>\n<link rel=\"canonical\" href=\"https:\/\/montemaria.org\/granitodearena\/\" \/>\n<meta property=\"og:locale\" content=\"es_MX\" \/>\n<meta property=\"og:type\" content=\"article\" \/>\n<meta property=\"og:title\" content=\"formasdegranito - Monte Maria Granitos de Arena\" \/>\n<meta property=\"og:description\" content=\"Tu granito de arena, unido al de muchos hermanos, forman el mar que sostiene esta obra de Evangelizaci\u00f3n Donativos con tarjeta de cr\u00e9dito o d\u00e9bito Donar Dep\u00f3sito bancario enestados unidos informaci\u00f3n Dep\u00f3sito bancario en M\u00e9xico informaci\u00f3n\" \/>\n<meta property=\"og:url\" content=\"https:\/\/montemaria.org\/granitodearena\/\" \/>\n<meta property=\"og:site_name\" content=\"Monte Maria Granitos de Arena\" \/>\n<meta property=\"article:modified_time\" content=\"2025-06-06T20:12:54+00:00\" \/>\n<meta name=\"twitter:card\" content=\"summary_large_image\" \/>\n<meta name=\"twitter:label1\" content=\"Tiempo de lectura\" \/>\n\t<meta name=\"twitter:data1\" content=\"1 minuto\" \/>\n<script type=\"application\/ld+json\" class=\"yoast-schema-graph\">{\"@context\":\"https:\\\/\\\/schema.org\",\"@graph\":[{\"@type\":\"WebPage\",\"@id\":\"https:\\\/\\\/montemaria.org\\\/granitodearena\\\/\",\"url\":\"https:\\\/\\\/montemaria.org\\\/granitodearena\\\/\",\"name\":\"formasdegranito - Monte Maria Granitos de Arena\",\"isPartOf\":{\"@id\":\"https:\\\/\\\/montemaria.org\\\/granitodearena\\\/#website\"},\"datePublished\":\"2025-05-22T00:19:08+00:00\",\"dateModified\":\"2025-06-06T20:12:54+00:00\",\"breadcrumb\":{\"@id\":\"https:\\\/\\\/montemaria.org\\\/granitodearena\\\/#breadcrumb\"},\"inLanguage\":\"es\",\"potentialAction\":[{\"@type\":\"ReadAction\",\"target\":[\"https:\\\/\\\/montemaria.org\\\/granitodearena\\\/\"]}]},{\"@type\":\"BreadcrumbList\",\"@id\":\"https:\\\/\\\/montemaria.org\\\/granitodearena\\\/#breadcrumb\",\"itemListElement\":[{\"@type\":\"ListItem\",\"position\":1,\"name\":\"Home\",\"item\":\"https:\\\/\\\/montemaria.org\\\/granitodearena\\\/\"},{\"@type\":\"ListItem\",\"position\":2,\"name\":\"formasdegranito\"}]},{\"@type\":\"WebSite\",\"@id\":\"https:\\\/\\\/montemaria.org\\\/granitodearena\\\/#website\",\"url\":\"https:\\\/\\\/montemaria.org\\\/granitodearena\\\/\",\"name\":\"Monte Maria Granitos de Arena\",\"description\":\"Dios es AMor\",\"publisher\":{\"@id\":\"https:\\\/\\\/montemaria.org\\\/granitodearena\\\/#organization\"},\"potentialAction\":[{\"@type\":\"SearchAction\",\"target\":{\"@type\":\"EntryPoint\",\"urlTemplate\":\"https:\\\/\\\/montemaria.org\\\/granitodearena\\\/?s={search_term_string}\"},\"query-input\":{\"@type\":\"PropertyValueSpecification\",\"valueRequired\":true,\"valueName\":\"search_term_string\"}}],\"inLanguage\":\"es\"},{\"@type\":\"Organization\",\"@id\":\"https:\\\/\\\/montemaria.org\\\/granitodearena\\\/#organization\",\"name\":\"Monte Maria Granitos de Arena\",\"url\":\"https:\\\/\\\/montemaria.org\\\/granitodearena\\\/\",\"logo\":{\"@type\":\"ImageObject\",\"inLanguage\":\"es\",\"@id\":\"https:\\\/\\\/montemaria.org\\\/granitodearena\\\/#\\\/schema\\\/logo\\\/image\\\/\",\"url\":\"https:\\\/\\\/i0.wp.com\\\/montemaria.org\\\/granitodearena\\\/wp-content\\\/uploads\\\/2025\\\/06\\\/logo-granitos2.png?fit=512%2C512&ssl=1\",\"contentUrl\":\"https:\\\/\\\/i0.wp.com\\\/montemaria.org\\\/granitodearena\\\/wp-content\\\/uploads\\\/2025\\\/06\\\/logo-granitos2.png?fit=512%2C512&ssl=1\",\"width\":512,\"height\":512,\"caption\":\"Monte Maria Granitos de Arena\"},\"image\":{\"@id\":\"https:\\\/\\\/montemaria.org\\\/granitodearena\\\/#\\\/schema\\\/logo\\\/image\\\/\"}}]}<\/script>\n<!-- \/ Yoast SEO plugin. -->","yoast_head_json":{"title":"formasdegranito - Monte Maria Granitos de Arena","robots":{"index":"index","follow":"follow","max-snippet":"max-snippet:-1","max-image-preview":"max-image-preview:large","max-video-preview":"max-video-preview:-1"},"canonical":"https:\/\/montemaria.org\/granitodearena\/","og_locale":"es_MX","og_type":"article","og_title":"formasdegranito - Monte Maria Granitos de Arena","og_description":"Tu granito de arena, unido al de muchos hermanos, forman el mar que sostiene esta obra de Evangelizaci\u00f3n Donativos con tarjeta de cr\u00e9dito o d\u00e9bito Donar Dep\u00f3sito bancario enestados unidos informaci\u00f3n Dep\u00f3sito bancario en M\u00e9xico informaci\u00f3n","og_url":"https:\/\/montemaria.org\/granitodearena\/","og_site_name":"Monte Maria Granitos de Arena","article_modified_time":"2025-06-06T20:12:54+00:00","twitter_card":"summary_large_image","twitter_misc":{"Tiempo de lectura":"1 minuto"},"schema":{"@context":"https:\/\/schema.org","@graph":[{"@type":"WebPage","@id":"https:\/\/montemaria.org\/granitodearena\/","url":"https:\/\/montemaria.org\/granitodearena\/","name":"formasdegranito - Monte Maria Granitos de Arena","isPartOf":{"@id":"https:\/\/montemaria.org\/granitodearena\/#website"},"datePublished":"2025-05-22T00:19:08+00:00","dateModified":"2025-06-06T20:12:54+00:00","breadcrumb":{"@id":"https:\/\/montemaria.org\/granitodearena\/#breadcrumb"},"inLanguage":"es","potentialAction":[{"@type":"ReadAction","target":["https:\/\/montemaria.org\/granitodearena\/"]}]},{"@type":"BreadcrumbList","@id":"https:\/\/montemaria.org\/granitodearena\/#breadcrumb","itemListElement":[{"@type":"ListItem","position":1,"name":"Home","item":"https:\/\/montemaria.org\/granitodearena\/"},{"@type":"ListItem","position":2,"name":"formasdegranito"}]},{"@type":"WebSite","@id":"https:\/\/montemaria.org\/granitodearena\/#website","url":"https:\/\/montemaria.org\/granitodearena\/","name":"Monte Maria Granitos de Arena","description":"Dios es AMor","publisher":{"@id":"https:\/\/montemaria.org\/granitodearena\/#organization"},"potentialAction":[{"@type":"SearchAction","target":{"@type":"EntryPoint","urlTemplate":"https:\/\/montemaria.org\/granitodearena\/?s={search_term_string}"},"query-input":{"@type":"PropertyValueSpecification","valueRequired":true,"valueName":"search_term_string"}}],"inLanguage":"es"},{"@type":"Organization","@id":"https:\/\/montemaria.org\/granitodearena\/#organization","name":"Monte Maria Granitos de Arena","url":"https:\/\/montemaria.org\/granitodearena\/","logo":{"@type":"ImageObject","inLanguage":"es","@id":"https:\/\/montemaria.org\/granitodearena\/#\/schema\/logo\/image\/","url":"https:\/\/i0.wp.com\/montemaria.org\/granitodearena\/wp-content\/uploads\/2025\/06\/logo-granitos2.png?fit=512%2C512&ssl=1","contentUrl":"https:\/\/i0.wp.com\/montemaria.org\/granitodearena\/wp-content\/uploads\/2025\/06\/logo-granitos2.png?fit=512%2C512&ssl=1","width":512,"height":512,"caption":"Monte Maria Granitos de Arena"},"image":{"@id":"https:\/\/montemaria.org\/granitodearena\/#\/schema\/logo\/image\/"}}]}},"campaignId":"","jetpack_sharing_enabled":true,"_links":{"self":[{"href":"https:\/\/montemaria.org\/granitodearena\/wp-json\/wp\/v2\/pages\/2","targetHints":{"allow":["GET"]}}],"collection":[{"href":"https:\/\/montemaria.org\/granitodearena\/wp-json\/wp\/v2\/pages"}],"about":[{"href":"https:\/\/montemaria.org\/granitodearena\/wp-json\/wp\/v2\/types\/page"}],"author":[{"embeddable":true,"href":"https:\/\/montemaria.org\/granitodearena\/wp-json\/wp\/v2\/users\/1"}],"replies":[{"embeddable":true,"href":"https:\/\/montemaria.org\/granitodearena\/wp-json\/wp\/v2\/comments?post=2"}],"version-history":[{"count":20,"href":"https:\/\/montemaria.org\/granitodearena\/wp-json\/wp\/v2\/pages\/2\/revisions"}],"predecessor-version":[{"id":193,"href":"https:\/\/montemaria.org\/granitodearena\/wp-json\/wp\/v2\/pages\/2\/revisions\/193"}],"wp:attachment":[{"href":"https:\/\/montemaria.org\/granitodearena\/wp-json\/wp\/v2\/media?parent=2"}],"curies":[{"name":"wp","href":"https:\/\/api.w.org\/{rel}","templated":true}]}}