{"id":52,"date":"2025-06-03T21:33:21","date_gmt":"2025-06-03T21:33:21","guid":{"rendered":"https:\/\/montemaria.org\/granitodearena\/?page_id=52"},"modified":"2025-06-05T19:46:43","modified_gmt":"2025-06-05T19:46:43","slug":"granitoestadosunidos","status":"publish","type":"page","link":"https:\/\/montemaria.org\/granitodearena\/granitoestadosunidos\/","title":{"rendered":"granitoestadosunidos"},"content":{"rendered":"\t\t<div data-elementor-type=\"wp-page\" data-elementor-id=\"52\" class=\"elementor elementor-52\">\n\t\t\t\t<div class=\"elementor-element elementor-element-a1601f3 e-flex e-con-boxed e-con e-parent\" data-id=\"a1601f3\" data-element_type=\"container\" data-e-type=\"container\">\n\t\t\t\t\t<div class=\"e-con-inner\">\n\t\t\t\t\t<\/div>\n\t\t\t\t<\/div>\n\t\t<div class=\"elementor-element elementor-element-6240ffe e-con-full e-flex e-con e-parent\" data-id=\"6240ffe\" data-element_type=\"container\" data-e-type=\"container\">\n\t\t\t\t<div class=\"elementor-element elementor-element-3fe9b98 elementor-widget elementor-widget-heading\" data-id=\"3fe9b98\" data-element_type=\"widget\" data-e-type=\"widget\" data-widget_type=\"heading.default\">\n\t\t\t\t<div class=\"elementor-widget-container\">\n\t\t\t\t\t<h1 class=\"elementor-heading-title elementor-size-default\">En Estados Unidos<\/h1>\t\t\t\t<\/div>\n\t\t\t\t<\/div>\n\t\t\t\t<\/div>\n\t\t<div class=\"elementor-element elementor-element-ee43601 e-flex e-con-boxed e-con e-parent\" data-id=\"ee43601\" data-element_type=\"container\" data-e-type=\"container\">\n\t\t\t\t\t<div class=\"e-con-inner\">\n\t\t<div class=\"elementor-element elementor-element-ab403ff e-con-full e-flex e-con e-child\" data-id=\"ab403ff\" data-element_type=\"container\" data-e-type=\"container\">\n\t\t\t\t<div class=\"elementor-element elementor-element-fa1d5b2 elementor-drop-cap-yes elementor-drop-cap-view-default elementor-widget elementor-widget-text-editor\" data-id=\"fa1d5b2\" data-element_type=\"widget\" data-e-type=\"widget\" data-settings=\"{&quot;drop_cap&quot;:&quot;yes&quot;}\" data-widget_type=\"text-editor.default\">\n\t\t\t\t<div class=\"elementor-widget-container\">\n\t\t\t\t\t\t\t\t\t<p align=\"center\"><img decoding=\"async\" loading=\"lazy\" src=\"https:\/\/i0.wp.com\/montemaria.org\/web\/img\/bank.png?resize=218%2C48&amp;ssl=1\" \/><\/p><p align=\"center\"><span style=\"font-size: 26px; text-align: start; letter-spacing: 0px;\">Cuenta: <strong>08504-79426<\/strong><\/span><\/p><p align=\"center\">A nombre de: Monte Maria Media Religious Corp<\/p>\t\t\t\t\t\t\t\t<\/div>\n\t\t\t\t<\/div>\n\t\t\t\t<\/div>\n\t\t<div class=\"elementor-element elementor-element-0226d28 e-con-full e-flex e-con e-child\" data-id=\"0226d28\" data-element_type=\"container\" data-e-type=\"container\">\n\t\t\t\t<div class=\"elementor-element elementor-element-0a3a0d4 elementor-widget elementor-widget-text-editor\" data-id=\"0a3a0d4\" data-element_type=\"widget\" data-e-type=\"widget\" data-widget_type=\"text-editor.default\">\n\t\t\t\t<div class=\"elementor-widget-container\">\n\t\t\t\t\t\t\t\t\t<p style=\"margin-bottom: 10px; color: #606577; font-family: Lato, Helvetica, Arial, sans-serif; font-size: 18px; text-indent: 2 2px; background-color: #ffffff;\" align=\"center\"><img loading=\"lazy\" decoding=\"async\" data-recalc-dims=\"1\" loading=\"lazy\" class=\" \" style=\"border-width: 0px; border-style: initial;\" src=\"https:\/\/i0.wp.com\/montemaria.org\/web\/img\/chase.png?resize=118%2C63&#038;ssl=1\" width=\"118\" height=\"63\" \/><\/p><p align=\"center\">Cuenta:\u00a0<strong>6419-17482<\/strong><\/p><p align=\"center\">A nombre de: Mirna Arely Marroquin<\/p>\t\t\t\t\t\t\t\t<\/div>\n\t\t\t\t<\/div>\n\t\t\t\t<\/div>\n\t\t<div class=\"elementor-element elementor-element-8064445 e-con-full e-flex e-con e-child\" data-id=\"8064445\" data-element_type=\"container\" data-e-type=\"container\">\n\t\t\t\t<div class=\"elementor-element elementor-element-00af1b3 elementor-widget elementor-widget-text-editor\" data-id=\"00af1b3\" data-element_type=\"widget\" data-e-type=\"widget\" data-widget_type=\"text-editor.default\">\n\t\t\t\t<div class=\"elementor-widget-container\">\n\t\t\t\t\t\t\t\t\t<p align=\"center\"><img loading=\"lazy\" decoding=\"async\" data-recalc-dims=\"1\" loading=\"lazy\" class=\" \" src=\"https:\/\/i0.wp.com\/montemaria.org\/web\/img\/citi.png?resize=103%2C55&#038;ssl=1\" width=\"103\" height=\"55\" \/><\/p><p align=\"center\">Cuenta:\u00a0<b>202-3514-66<\/b><br \/>SWIFT code: CITIUS33<br \/>ABA: 322271724<br \/>A nombre de <b>Monte Maria Media Religious Corp<\/b><\/p>\t\t\t\t\t\t\t\t<\/div>\n\t\t\t\t<\/div>\n\t\t\t\t<\/div>\n\t\t<div class=\"elementor-element elementor-element-a2f0fa4 e-con-full e-flex e-con e-child\" data-id=\"a2f0fa4\" data-element_type=\"container\" data-e-type=\"container\">\n\t\t\t\t<div class=\"elementor-element elementor-element-8ce079b elementor-widget elementor-widget-text-editor\" data-id=\"8ce079b\" data-element_type=\"widget\" data-e-type=\"widget\" data-widget_type=\"text-editor.default\">\n\t\t\t\t<div class=\"elementor-widget-container\">\n\t\t\t\t\t\t\t\t\t<h5>CHEQUE O MONEY ORDER<\/h5>\n<div>\n<p>Una opci\u00f3n m\u00e1s para realizar tu donativo es por medio de cheque o Money Order. Aqu\u00ed te presentamos los datos para el llenado del mismo.<\/p>\n<p align=\"center\"><b>A nombre de<\/b><\/p>\n<p align=\"center\"><b>Raymundo Reyna Esteban<\/b><\/p>\n<p align=\"center\"><b>Direcci\u00f3n:<em>&nbsp;732 Hilltop Dr, Chula Vista, CA 91910<\/em><\/b><\/p>\n<p align=\"center\">Por favor recuerda que el env\u00edo de dinero en efectivo es ilegal.<\/p>\n<\/div>\t\t\t\t\t\t\t\t<\/div>\n\t\t\t\t<\/div>\n\t\t\t\t<\/div>\n\t\t\t\t\t<\/div>\n\t\t\t\t<\/div>\n\t\t\t\t<\/div>\n\t\t","protected":false},"excerpt":{"rendered":"<p>En Estados Unidos Cuenta: 08504-79426 A nombre de: Monte Maria Media Religious Corp Cuenta:\u00a06419-17482 A nombre de: Mirna Arely Marroquin Cuenta:\u00a0202-3514-66SWIFT code: CITIUS33ABA: 322271724A nombre de Monte Maria Media Religious Corp CHEQUE O MONEY ORDER Una opci\u00f3n m\u00e1s para realizar tu donativo es por medio de cheque o Money Order. Aqu\u00ed te presentamos los datos [&hellip;]<\/p>\n","protected":false},"author":1,"featured_media":0,"parent":0,"menu_order":0,"comment_status":"closed","ping_status":"closed","template":"elementor_canvas","meta":{"give_campaign_id":0,"nf_dc_page":"","om_disable_all_campaigns":false,"pagelayer_contact_templates":[],"_pagelayer_content":"","_monsterinsights_skip_tracking":false,"_monsterinsights_sitenote_active":false,"_monsterinsights_sitenote_note":"","_monsterinsights_sitenote_category":0,"footnotes":""},"class_list":["post-52","page","type-page","status-publish","hentry"],"yoast_head":"<!-- This site is optimized with the Yoast SEO plugin v27.4 - https:\/\/yoast.com\/product\/yoast-seo-wordpress\/ -->\n<title>granitoestadosunidos - Monte Maria Granitos de Arena<\/title>\n<meta name=\"robots\" content=\"index, follow, max-snippet:-1, max-image-preview:large, max-video-preview:-1\" \/>\n<link rel=\"canonical\" href=\"https:\/\/montemaria.org\/granitodearena\/granitoestadosunidos\/\" \/>\n<meta property=\"og:locale\" content=\"es_MX\" \/>\n<meta property=\"og:type\" content=\"article\" \/>\n<meta property=\"og:title\" content=\"granitoestadosunidos - Monte Maria Granitos de Arena\" \/>\n<meta property=\"og:description\" content=\"En Estados Unidos Cuenta: 08504-79426 A nombre de: Monte Maria Media Religious Corp Cuenta:\u00a06419-17482 A nombre de: Mirna Arely Marroquin Cuenta:\u00a0202-3514-66SWIFT code: CITIUS33ABA: 322271724A nombre de Monte Maria Media Religious Corp CHEQUE O MONEY ORDER Una opci\u00f3n m\u00e1s para realizar tu donativo es por medio de cheque o Money Order. Aqu\u00ed te presentamos los datos [&hellip;]\" \/>\n<meta property=\"og:url\" content=\"https:\/\/montemaria.org\/granitodearena\/granitoestadosunidos\/\" \/>\n<meta property=\"og:site_name\" content=\"Monte Maria Granitos de Arena\" \/>\n<meta property=\"article:modified_time\" content=\"2025-06-05T19:46:43+00:00\" \/>\n<meta property=\"og:image\" content=\"https:\/\/i0.wp.com\/montemaria.org\/web\/img\/bank.png?resize=218%2C48&amp;ssl=1\" \/>\n<meta name=\"twitter:card\" content=\"summary_large_image\" \/>\n<meta name=\"twitter:label1\" content=\"Tiempo de lectura\" \/>\n\t<meta name=\"twitter:data1\" content=\"1 minuto\" \/>\n<script type=\"application\/ld+json\" class=\"yoast-schema-graph\">{\"@context\":\"https:\\\/\\\/schema.org\",\"@graph\":[{\"@type\":\"WebPage\",\"@id\":\"https:\\\/\\\/montemaria.org\\\/granitodearena\\\/granitoestadosunidos\\\/\",\"url\":\"https:\\\/\\\/montemaria.org\\\/granitodearena\\\/granitoestadosunidos\\\/\",\"name\":\"granitoestadosunidos - Monte Maria Granitos de Arena\",\"isPartOf\":{\"@id\":\"https:\\\/\\\/montemaria.org\\\/granitodearena\\\/#website\"},\"primaryImageOfPage\":{\"@id\":\"https:\\\/\\\/montemaria.org\\\/granitodearena\\\/granitoestadosunidos\\\/#primaryimage\"},\"image\":{\"@id\":\"https:\\\/\\\/montemaria.org\\\/granitodearena\\\/granitoestadosunidos\\\/#primaryimage\"},\"thumbnailUrl\":\"https:\\\/\\\/i0.wp.com\\\/montemaria.org\\\/web\\\/img\\\/bank.png?resize=218%2C48&amp;ssl=1\",\"datePublished\":\"2025-06-03T21:33:21+00:00\",\"dateModified\":\"2025-06-05T19:46:43+00:00\",\"breadcrumb\":{\"@id\":\"https:\\\/\\\/montemaria.org\\\/granitodearena\\\/granitoestadosunidos\\\/#breadcrumb\"},\"inLanguage\":\"es\",\"potentialAction\":[{\"@type\":\"ReadAction\",\"target\":[\"https:\\\/\\\/montemaria.org\\\/granitodearena\\\/granitoestadosunidos\\\/\"]}]},{\"@type\":\"ImageObject\",\"inLanguage\":\"es\",\"@id\":\"https:\\\/\\\/montemaria.org\\\/granitodearena\\\/granitoestadosunidos\\\/#primaryimage\",\"url\":\"https:\\\/\\\/i0.wp.com\\\/montemaria.org\\\/web\\\/img\\\/bank.png?resize=218%2C48&amp;ssl=1\",\"contentUrl\":\"https:\\\/\\\/i0.wp.com\\\/montemaria.org\\\/web\\\/img\\\/bank.png?resize=218%2C48&amp;ssl=1\"},{\"@type\":\"BreadcrumbList\",\"@id\":\"https:\\\/\\\/montemaria.org\\\/granitodearena\\\/granitoestadosunidos\\\/#breadcrumb\",\"itemListElement\":[{\"@type\":\"ListItem\",\"position\":1,\"name\":\"Home\",\"item\":\"https:\\\/\\\/montemaria.org\\\/granitodearena\\\/\"},{\"@type\":\"ListItem\",\"position\":2,\"name\":\"granitoestadosunidos\"}]},{\"@type\":\"WebSite\",\"@id\":\"https:\\\/\\\/montemaria.org\\\/granitodearena\\\/#website\",\"url\":\"https:\\\/\\\/montemaria.org\\\/granitodearena\\\/\",\"name\":\"Monte Maria Granitos de Arena\",\"description\":\"Dios es AMor\",\"publisher\":{\"@id\":\"https:\\\/\\\/montemaria.org\\\/granitodearena\\\/#organization\"},\"potentialAction\":[{\"@type\":\"SearchAction\",\"target\":{\"@type\":\"EntryPoint\",\"urlTemplate\":\"https:\\\/\\\/montemaria.org\\\/granitodearena\\\/?s={search_term_string}\"},\"query-input\":{\"@type\":\"PropertyValueSpecification\",\"valueRequired\":true,\"valueName\":\"search_term_string\"}}],\"inLanguage\":\"es\"},{\"@type\":\"Organization\",\"@id\":\"https:\\\/\\\/montemaria.org\\\/granitodearena\\\/#organization\",\"name\":\"Monte Maria Granitos de Arena\",\"url\":\"https:\\\/\\\/montemaria.org\\\/granitodearena\\\/\",\"logo\":{\"@type\":\"ImageObject\",\"inLanguage\":\"es\",\"@id\":\"https:\\\/\\\/montemaria.org\\\/granitodearena\\\/#\\\/schema\\\/logo\\\/image\\\/\",\"url\":\"https:\\\/\\\/i0.wp.com\\\/montemaria.org\\\/granitodearena\\\/wp-content\\\/uploads\\\/2025\\\/06\\\/logo-granitos2.png?fit=512%2C512&ssl=1\",\"contentUrl\":\"https:\\\/\\\/i0.wp.com\\\/montemaria.org\\\/granitodearena\\\/wp-content\\\/uploads\\\/2025\\\/06\\\/logo-granitos2.png?fit=512%2C512&ssl=1\",\"width\":512,\"height\":512,\"caption\":\"Monte Maria Granitos de Arena\"},\"image\":{\"@id\":\"https:\\\/\\\/montemaria.org\\\/granitodearena\\\/#\\\/schema\\\/logo\\\/image\\\/\"}}]}<\/script>\n<!-- \/ Yoast SEO plugin. -->","yoast_head_json":{"title":"granitoestadosunidos - Monte Maria Granitos de Arena","robots":{"index":"index","follow":"follow","max-snippet":"max-snippet:-1","max-image-preview":"max-image-preview:large","max-video-preview":"max-video-preview:-1"},"canonical":"https:\/\/montemaria.org\/granitodearena\/granitoestadosunidos\/","og_locale":"es_MX","og_type":"article","og_title":"granitoestadosunidos - Monte Maria Granitos de Arena","og_description":"En Estados Unidos Cuenta: 08504-79426 A nombre de: Monte Maria Media Religious Corp Cuenta:\u00a06419-17482 A nombre de: Mirna Arely Marroquin Cuenta:\u00a0202-3514-66SWIFT code: CITIUS33ABA: 322271724A nombre de Monte Maria Media Religious Corp CHEQUE O MONEY ORDER Una opci\u00f3n m\u00e1s para realizar tu donativo es por medio de cheque o Money Order. Aqu\u00ed te presentamos los datos [&hellip;]","og_url":"https:\/\/montemaria.org\/granitodearena\/granitoestadosunidos\/","og_site_name":"Monte Maria Granitos de Arena","article_modified_time":"2025-06-05T19:46:43+00:00","og_image":[{"url":"https:\/\/i0.wp.com\/montemaria.org\/web\/img\/bank.png?resize=218%2C48&amp;ssl=1","type":"","width":"","height":""}],"twitter_card":"summary_large_image","twitter_misc":{"Tiempo de lectura":"1 minuto"},"schema":{"@context":"https:\/\/schema.org","@graph":[{"@type":"WebPage","@id":"https:\/\/montemaria.org\/granitodearena\/granitoestadosunidos\/","url":"https:\/\/montemaria.org\/granitodearena\/granitoestadosunidos\/","name":"granitoestadosunidos - Monte Maria Granitos de Arena","isPartOf":{"@id":"https:\/\/montemaria.org\/granitodearena\/#website"},"primaryImageOfPage":{"@id":"https:\/\/montemaria.org\/granitodearena\/granitoestadosunidos\/#primaryimage"},"image":{"@id":"https:\/\/montemaria.org\/granitodearena\/granitoestadosunidos\/#primaryimage"},"thumbnailUrl":"https:\/\/i0.wp.com\/montemaria.org\/web\/img\/bank.png?resize=218%2C48&amp;ssl=1","datePublished":"2025-06-03T21:33:21+00:00","dateModified":"2025-06-05T19:46:43+00:00","breadcrumb":{"@id":"https:\/\/montemaria.org\/granitodearena\/granitoestadosunidos\/#breadcrumb"},"inLanguage":"es","potentialAction":[{"@type":"ReadAction","target":["https:\/\/montemaria.org\/granitodearena\/granitoestadosunidos\/"]}]},{"@type":"ImageObject","inLanguage":"es","@id":"https:\/\/montemaria.org\/granitodearena\/granitoestadosunidos\/#primaryimage","url":"https:\/\/i0.wp.com\/montemaria.org\/web\/img\/bank.png?resize=218%2C48&amp;ssl=1","contentUrl":"https:\/\/i0.wp.com\/montemaria.org\/web\/img\/bank.png?resize=218%2C48&amp;ssl=1"},{"@type":"BreadcrumbList","@id":"https:\/\/montemaria.org\/granitodearena\/granitoestadosunidos\/#breadcrumb","itemListElement":[{"@type":"ListItem","position":1,"name":"Home","item":"https:\/\/montemaria.org\/granitodearena\/"},{"@type":"ListItem","position":2,"name":"granitoestadosunidos"}]},{"@type":"WebSite","@id":"https:\/\/montemaria.org\/granitodearena\/#website","url":"https:\/\/montemaria.org\/granitodearena\/","name":"Monte Maria Granitos de Arena","description":"Dios es AMor","publisher":{"@id":"https:\/\/montemaria.org\/granitodearena\/#organization"},"potentialAction":[{"@type":"SearchAction","target":{"@type":"EntryPoint","urlTemplate":"https:\/\/montemaria.org\/granitodearena\/?s={search_term_string}"},"query-input":{"@type":"PropertyValueSpecification","valueRequired":true,"valueName":"search_term_string"}}],"inLanguage":"es"},{"@type":"Organization","@id":"https:\/\/montemaria.org\/granitodearena\/#organization","name":"Monte Maria Granitos de Arena","url":"https:\/\/montemaria.org\/granitodearena\/","logo":{"@type":"ImageObject","inLanguage":"es","@id":"https:\/\/montemaria.org\/granitodearena\/#\/schema\/logo\/image\/","url":"https:\/\/i0.wp.com\/montemaria.org\/granitodearena\/wp-content\/uploads\/2025\/06\/logo-granitos2.png?fit=512%2C512&ssl=1","contentUrl":"https:\/\/i0.wp.com\/montemaria.org\/granitodearena\/wp-content\/uploads\/2025\/06\/logo-granitos2.png?fit=512%2C512&ssl=1","width":512,"height":512,"caption":"Monte Maria Granitos de Arena"},"image":{"@id":"https:\/\/montemaria.org\/granitodearena\/#\/schema\/logo\/image\/"}}]}},"campaignId":"","jetpack_sharing_enabled":true,"_links":{"self":[{"href":"https:\/\/montemaria.org\/granitodearena\/wp-json\/wp\/v2\/pages\/52","targetHints":{"allow":["GET"]}}],"collection":[{"href":"https:\/\/montemaria.org\/granitodearena\/wp-json\/wp\/v2\/pages"}],"about":[{"href":"https:\/\/montemaria.org\/granitodearena\/wp-json\/wp\/v2\/types\/page"}],"author":[{"embeddable":true,"href":"https:\/\/montemaria.org\/granitodearena\/wp-json\/wp\/v2\/users\/1"}],"replies":[{"embeddable":true,"href":"https:\/\/montemaria.org\/granitodearena\/wp-json\/wp\/v2\/comments?post=52"}],"version-history":[{"count":20,"href":"https:\/\/montemaria.org\/granitodearena\/wp-json\/wp\/v2\/pages\/52\/revisions"}],"predecessor-version":[{"id":134,"href":"https:\/\/montemaria.org\/granitodearena\/wp-json\/wp\/v2\/pages\/52\/revisions\/134"}],"wp:attachment":[{"href":"https:\/\/montemaria.org\/granitodearena\/wp-json\/wp\/v2\/media?parent=52"}],"curies":[{"name":"wp","href":"https:\/\/api.w.org\/{rel}","templated":true}]}}